6)/((-9)/24)?
2, 5, 89
Let k be 224 + 2*(-5 + 4). Suppose -k = -3*x - 2*q, -4*x - 4*q = -346 + 46. Suppose 2*t = -2*t + 3*a + x, 0 = -2*t - 3*a + 36. List the prime factors of t.
2, 3
Let d be (-4069)/(-39) + 1/(-3). Suppose -5*q + q + 5*u = -108, 4*q = 4*u + d. What are the prime factors of q?
2, 11
Let q = 406 + -245. Let g = -109 + q. List the prime factors of g.
2, 13
Let t(o) = 12 - 10*o - 41 + 2*o + 2*o**2. List the prime factors of t(12).
163
Let n(z) = z**3 - 7*z**2 + 4*z - 1. Let o be n(6). Let f(t) = t**3 + 14*t**2 - 4*t + 23. What are the prime factors of f(o)?
2, 61
Let x(g) = -g**2 - 16*g - 4. Let c(u) = u**3 - u**2 - 2*u - 1. Let f be c(-2). What are the prime factors of x(f)?
59
Suppose 2*p = -3*d + d + 12, -5*p = 2*d - 18. Let c = -73 + 169. Suppose 2*o - c = -3*u + 13, 3*o = p*u + 196. What are the prime factors of o?
2, 31
Suppose p + 12 = 4*u, -3*p - 11 = -2*u + 5. Let v be 7 + -1 + (-7 - p). Suppose -v*i = 6, r = 3*r - 4*i - 92. What are the prime factors of r?
2, 3, 7
List the prime factors of ((-11)/(-4) - 3) + 23661/36.
3, 73
Suppose 4*w + 2*y = 7*y - 75, 4*y + 44 = -2*w. Let p be (-68)/w + (-4)/10. Suppose -2*j = -p*l + 12, 0 = -4*l + l - 2*j + 24. What are the prime factors of l?
2, 3
Let k(b) = 2*b**2 - 13*b - 7. Let p(v) = -v**2 + 9*v + 5. Let j(a) = -5*k(a) - 7*p(a). Let w be j(4). Let s = 56 + w. What are the prime factors of s?
2
Let v = -30 - -21. Let f(m) = m**2 + 12*m + 40. What are the prime factors of f(v)?
13
Let a(n) be the first derivative of 2*n**3/3 + 7*n**2/2 - 9*n - 24. List the prime factors of a(4).
3, 17
Let g(j) = -j**3 - 9*j**2 - 9*j - 9. Suppose -4*y - 4 = 0, -3*v - y + 35 = -7*v. What are the prime factors of g(v)?
2, 3
Let q(p) = -p**3 + 6*p**2 - p + 14. Let z be q(6). Suppose -z = k + 10. What are the prime factors of k*((-30)/(-9) + -4)?
2, 3
Let c(w) = 3*w**3 + w**2 - 1. Let o be c(1). Let x = -161 + 163. Suppose x*d = -2*r + 76, -138 = -o*r + d + 2*d. What are the prime factors of r?
2, 3, 7
Suppose 7*u = 12*u - 4*q - 2450, -2*u + 980 = -q. List the prime factors of u.
2, 5, 7
Let p = 4440 - 2371. List the prime factors of p.
2069
Suppose -3*i - 2*r - 3*r = 160, 2*r = 5*i + 215. Let v = 172 - i. List the prime factors of v.
7, 31
Let u(z) be the first derivative of z**4/4 - z**3/6 + 2*z**2 - 7. Let c(g) be the second derivative of u(g). List the prime factors of c(4).
23
Let i be (3516/20)/3 - 2/(-5). Let s = -18 + i. List the prime factors of s.
41
Let n(b) be the third derivative of b**4/6 + b**3/3 + b**2. Let q be n(1). What are the prime factors of ((-14)/q - -4)*12?
2, 5
Let x = 1903 - -216. List the prime factors of x.
13, 163
Suppose 4*g - 1 + 37 = 0. Let h(y) = y**3 + 9*y**2 - 3*y + 8. What are the prime factors of h(g)?
5, 7
Suppose 8*i + 23 = -1. Let l(q) = -8*q**3 + q**2 + q - 6. List the prime factors of l(i).
2, 3
Let u(g) be the first derivative of g**3/3 + 3*g - 5. Let m(p) be the first derivative of u(p). List the prime factors of m(6).
2, 3
Let b be 2/((-12)/35) - 2/12. What are the prime factors of ((-40)/b)/(10/60)?
2, 5
Suppose -25*l = -27*l + 816. Suppose l + 302 = 10*u. List the prime factors of u.
71
Let p(t) = t**2 - 8*t - 10. Let h be p(10). List the prime factors of (-4)/10 + 1654/h.
3, 5, 11
Let d be (-1 + 188/(-12))*3. Suppose -4*v = 181 + 135. Let i = d - v. What are the prime factors of i?
29
Let j = 2445 - 1546. List the prime factors of j.
29, 31
Suppose -2 = 2*u - 3*u. Suppose 0*k - 3*a = -4*k + 353, 177 = u*k - a. List the prime factors of k.
89
Let o = -28 - -31. Suppose 0*f - 2*u = 4*f - 16, 5*f + o*u - 22 = 0. Suppose 3*d + 5*s = -f*d + 125, -5*d + 2*s = -146. List the prime factors of d.
2, 7
Suppose 0 = 5*u - 1033 - 827. List the prime factors of (-10)/4*u/(-6).
5, 31
Suppose 5*k - 17 = 2*f, 7 = 2*k + 2*k + 5*f. Suppose 0 = x + k*o - 145, 0 = 4*x - o - 0*o - 593. List the prime factors of x.
2, 37
Suppose -20*y + 15*y + 25 = 0, 0 = -t + y + 1348. What are the prime factors of t?
3, 11, 41
Let n(q) = -q**2 - 11*q - 16. Let s be n(-9). Suppose -4*k - 2*p = -3*p - 1036, 0 = s*k + p - 518. What are the prime factors of k?
7, 37
Let v = 2 - -18. Let c be ((-304)/v)/((-6)/15). Suppose -98 + c = -4*x. List the prime factors of x.
3, 5
Suppose 5*z + 4*u = 2819, 2*z - 3*u + 507 - 1630 = 0. What are the prime factors of z?
563
Suppose -1366 - 1553 = -7*t. List the prime factors of t.
3, 139
Suppose 0 = -5*m + g - 4, 3*m + 4*g = m + 16. Let o(s) = -4*s + 41. What are the prime factors of o(m)?
41
Suppose w = -h - 6, -h + w = -2*w - 2. Let y be h/14 + 69/21. Suppose -3*a + 53 = -2*j + 173, 167 = y*j + 2*a. What are the prime factors of j?
3, 19
Let w(j) = j**2 - 16*j - 38. List the prime factors of w(-35).
1747
Suppose 5*p = 322 + 358. Suppose -2*t - 3*g - g = -p, -2*g - 124 = -2*t. What are the prime factors of t?
2
Let z(l) = 58 - 24*l + 34*l - 11*l. What are the prime factors of z(8)?
2, 5
Suppose 2*f - 5*f = 3*j - 24, -2*f - 8 = -4*j. Suppose u - 6*u + 101 = s, -u - j*s + 24 = 0. What are the prime factors of -4*(-1)/2*u?
2, 5
Suppose -457*g = -454*g - 585. List the prime factors of g.
3, 5, 13
Suppose -2*f - 7 = 29. Suppose 5*h = -3*x - 9, -2*x = -2*h - 3*x - 3. What are the prime factors of 0 - 0 - h - f?
2, 3
Let y = 555 - -241. What are the prime factors of y?
2, 199
Let n(l) = -l**2 + 11*l - 8. Suppose 0*s + 2*s - 24 = 0. Suppose -4*a = -c + 16, 5*a + s - 2 = 0. What are the prime factors of n(c)?
2
What are the prime factors of 4/(-46) + 33680/92?
2, 3, 61
Let j(h) = 85*h + 750. List the prime factors of j(-7).
5, 31
What are the prime factors of -2 - (-1828)/(4 - 2)?
2, 3, 19
Let m(h) = -h**2 + 19*h - 67. Let a be m(16). Suppose f - 7 - 16 = 0. Let q = f + a. What are the prime factors of q?
2
Suppose -5*v - f = -3971, -3*v - f + 3177 = v. What are the prime factors of v?
2, 397
Let o(a) = 70*a + 37. List the prime factors of o(6).
457
Suppose 0 = -17*v + 18*v - 43. Suppose 0 = 37*g - 36*g - v. List the prime factors of g.
43
Let s be -1*2*54/(-4). Let f(c) = c - 15. Let p be f(12). Let b = s + p. List the prime factors of b.
2, 3
Let r(d) = 7*d + 1. Let a(f) = 6*f + 1. Let v(m) = 5*a(m) - 4*r(m). Let t be v(1). Suppose 0 = t*b - 0*b - 30. List the prime factors of b.
2, 5
Let k(w) = -4*w**3 - 15*w**2 - 86*w + 1. What are the prime factors of k(-7)?
2, 5, 31
List the prime factors of (-3789546)/(-2871) - 2/(-33).
2, 3, 5, 11
What are the prime factors of 2731/3 + 24/(-18)?
3, 101
Suppose 0 = 5*j + 2780 - 10250. What are the prime factors of j?
2, 3, 83
Let q be (12/(-2))/(9/(-45)). Suppose 2*v + q = 4*v. List the prime factors of 96/v - (-2)/(-5).
2, 3
Let h = 50 + -35. Let b = h + -8. What are the prime factors of b?
7
Suppose -l = -5*l + 4*w + 16, -16 = -5*l + 4*w. Suppose l = 6*x - 875 + 65. List the prime factors of x.
3, 5
Suppose -22*n - 22*n = -41624. List the prime factors of n.
2, 11, 43
Suppose -21*h = -14*h - 2226. What are the prime factors of h?
2, 3, 53
Let h = 13 - 10. Suppose f + h*f - 55 = -o, -4*o - f + 295 = 0. List the prime factors of o.
3, 5
Let x be 51/15 - 6/15. Suppose -5*j - x*n + 11 = 0, j - 7 = -0*j + n. Let p(h) = 2*h - 1. What are the prime factors of p(j)?
7
Suppose 0 = -17*x - 5*x + 8206. List the prime factors of x.
373
Let c(m) = m**2 + 2*m - 1. Let t be c(-3). Suppose -3*s = t*s + 165. Let h = -14 - s. What are the prime factors of h?
19
Let u = -2376 + 4164. List the prime factors of u.
2, 3, 149
Suppose -27*r = -24431 + 8825. What are the prime factors of r?
2, 17
Let r = 3 + -63. Let u = -38 - r. What are the prime factors of u?
2, 11
Suppose 9*r - 1601 + 71 = 0. What are the prime factors of r?
2, 5, 17
Suppose -5221 = 5*a - 17081. What are the prime factors of a?
2, 593
Suppose -5*o = -2*v - 1255, v + 453 = -5*o - 137. List the prime factors of (-3)/6 + 4/((-24)/v).
2, 3, 17
Suppose -4*b + 6*b + 2 = 0. Let g be b*(-5 + -1 + 4). Suppose j + 4*h - 9 = -0, g*j - 33 = -5*h. List the prime factors of j.
29
Suppose -23*l + 3*t + 15466 = -18*l, 4*l - 12365 = 5*t. List the prime factors of l.
5, 619
Let a(w) = 17*w**3 + w**2 + 7*w - 63. What are the prime factors of a(4)?
1069
Suppose 12 = 2*x - x + 3*z, 0 = 4*x + 4*z - 16. Suppose x = m - 4. Suppose 4*b - 70 - 2 = -4*o, -m*b + 2*o + 84 = 0. What are the prime factor